-3*f + f + z + 28, 5*f - 4*z - 76 = 0. Let a = f - -10. Let k = a + -2. What is the highest common divisor of 20 and k?
20
Suppose -4*d - 3*g + 28 = 0, -4*d = 5*g - 4 - 16. Calculate the greatest common divisor of d and 290.
10
Let h = 132 + -116. Suppose -37 - 86 = -5*m + 3*y, 5*m - y = 121. What is the highest common divisor of m and h?
8
Let q be ((-2)/(-5))/((-6)/(-120)). Let z(h) = h**2 - 4*h - 6. Let k be z(6). Let c be k/3 + (37 - -1). Calculate the highest common divisor of c and q.
8
Let a be 5/(20/(-264))*54/(-12). What is the highest common factor of a and 9?
9
Let s(n) = -7*n**3 + 7*n**2 + 12*n + 6. Let i be s(-3). What is the greatest common factor of 24 and i?
6
Let j = 148 + -68. Suppose 5*n - j = -5*w, -w + 3*n + 78 = 3*w. What is the greatest common factor of 72 and w?
18
Suppose -3*s + 440 = 4*c, 4*c - 62 = 4*s + 378. What is the greatest common divisor of 154 and c?
22
Suppose -5 = -d - 15*s + 10*s, -4*d - 2*s + 38 = 0. Calculate the highest common divisor of d and 270.
10
Suppose -2*c + 15 = -5*y, 7 = 5*c + 5*y + 22. Suppose c = 4*v + 2*q - 238, -243 = -4*v + 4*q - q. What is the greatest common factor of v and 18?
6
Let q be (166/8)/((-7)/(-28)). What is the highest common factor of q and 747?
83
Suppose -252 = 43*q - 49*q. Calculate the greatest common divisor of 154 and q.
14
Let d = 180 - 153. Calculate the highest common factor of 207 and d.
9
Let v be 3/(-3 + 245/115 + 1). Calculate the greatest common divisor of 207 and v.
23
Let b = 72 - -12. Let z = b - 50. What is the greatest common factor of 51 and z?
17
Suppose -5*b + 5*j = 0, -2*b + 7*j = 3*j. Suppose 0 = -b*x + 2*x - 34. Let z = -414 - -465. What is the greatest common divisor of z and x?
17
Let o(h) = 13*h - 1. Let r be (30/20)/((-3)/(-2)). Let z be o(r). Let u = 187 - 127. What is the greatest common factor of u and z?
12
Let i(b) = -b**2 + 0*b**2 - 24 + 7 + 12 - 13*b. Let w be i(-12). Calculate the greatest common divisor of 7 and w.
7
Let a = -123 + 186. What is the greatest common factor of a and 7?
7
Let s be 0 - -1 - (0/(-1) + -18). Calculate the highest common factor of s and 5.
1
Let p = -35 - -37. Suppose -p*j + 9*j - 728 = 0. Calculate the greatest common divisor of 13 and j.
13
Suppose -3*w - 411 = -2*o, 3*w = -4*o + 2*o + 381. What is the highest common factor of 1881 and o?
99
Let n = 3 - 0. Let r be 2/n*15/10. Let y(c) = c**3 + 5*c**2 - 15*c + 1. Let q be y(-7). Calculate the greatest common factor of r and q.
1
Let p be (6/(-5))/((-145)/(-75) - 2). Calculate the highest common divisor of 12 and p.
6
Let q(d) = -2*d**3 - 2*d**2 - 11. Let z be q(-3). What is the highest common divisor of z and 250?
25
Let w(a) = 2*a**2 - 5*a - 10. Let n be w(6). Let v = n + -3. What is the highest common divisor of v and 319?
29
Let d(t) = 4*t - 54. Let g be d(16). What is the greatest common divisor of g and 160?
10
Let g(f) = 6*f**2 + f + 6. Let b be g(-3). Let n be 21/14 - b/(-2). What is the highest common factor of 270 and n?
30
Let d(t) = -9*t + 49. Let q be d(6). Let r be ((-12)/q - 2) + 1736/35. What is the highest common divisor of 125 and r?
25
Let s = 452 - 438. What is the greatest common divisor of 2352 and s?
14
Let o be (1/(-2))/((-34)/7140). Let r be (-1)/3*-3*1. Suppose 0 = 5*p - r - 74. Calculate the highest common factor of p and o.
15
Suppose -8 + 2 = -2*j. Suppose -2*m - 65 = -j*y - 0*m, 3*m = 3*y - 60. Suppose 0 = 4*n + n - 25. What is the greatest common factor of n and y?
5
Let i be (-5)/(12/66 + (-82)/330). Calculate the highest common divisor of i and 25.
25
Let c be (-148 + 0 + -2)/(20/(-10)). What is the greatest common divisor of c and 25?
25
Suppose 680 + 580 = 21*w. Calculate the greatest common factor of 80 and w.
20
Let m be (0 - 1)*(0 + -36). Suppose 6*n + t = 2*n + 48, -m = -3*n - 3*t. What is the highest common divisor of n and 4?
4
Suppose 32 = 11*n + 10. Suppose 3*k - 11 = -c, -119 = n*c - 7*c + k. Calculate the greatest common divisor of 161 and c.
23
Suppose 228 = -2*u - u. Let i be (u/5)/(1/(-5)). Let z be 2/(-4)*-2*19. What is the highest common divisor of i and z?
19
Let d(n) = n**2 + 139*n + 826. Let w be d(-6). What is the greatest common divisor of 20 and w?
4
Suppose 0 = -s - 3*h + 153, -19*h + 21*h = s - 168. What is the greatest common factor of s and 180?
18
Suppose -73 = -5*h + 67. Suppose -3*b + 9 = 0, -2*w - 2*b = -8 - h. Calculate the highest common divisor of 45 and w.
15
Let p(s) = 6*s**2 - 17*s - 19. Let t be p(5). Calculate the highest common factor of 92 and t.
46
Let j(b) = b**3 - 10*b**2 + 9*b - 3. Let z be j(9). Let n be (-1 + 0)/(z/9). Let l be (13 - -2)*n/5. Calculate the highest common factor of 54 and l.
9
Let q = 1399 + -1021. What is the highest common divisor of q and 84?
42
Suppose 5*o + q = 315, -6 - 19 = 5*q. Suppose -15*g - 57 = -57. Let a = g + o. What is the highest common divisor of a and 8?
8
Suppose 4*b - 5*b + 4*k = -18, 3*b - k = 76. Let o be (-1874)/(-22) + -3 + (-8)/44. Suppose o + 152 = m. What is the highest common divisor of m and b?
26
Suppose 2*g = -4*q + 8 + 52, -4*q = -5*g - 88. Suppose 5*w - 3*d - q = 0, 3*w + 5 = -4*d - 8. What is the highest common factor of w and 11?
1
Let c = 821 + -756. Calculate the greatest common divisor of 143 and c.
13
Suppose 19*r - 6643 = -468. What is the greatest common divisor of r and 39?
13
Let k be (-105)/(-1 + 2/8). Suppose -6*m = -m - k. Suppose 0 = w + 5*j - m, 5*w + 3*j - 118 = -0*w. What is the highest common factor of 161 and w?
23
Let l be (0 + 1/(-3))*-57. Let y = 80 + -82. Let c be (-114)/(y + 4/(-32)*-4). Calculate the highest common divisor of c and l.
19
Let n be -11 + (-490)/(-45) - 109/(-9). Let x(j) = 30*j - 1. Let k be x(5). Let a = k + -65. What is the greatest common factor of a and n?
12
Let d(n) = 10*n**3 - 3*n**2 + 3*n. Let o be d(3). Let k = o + -165. What is the greatest common divisor of k and 29?
29
Let g be (3/4)/(18/48). Let o be (-2 - 2)/g + 14. Let v = o - 8. Calculate the greatest common factor of 4 and v.
4
Let t = 132 + -105. Suppose s - 36 = -3*s. Calculate the greatest common factor of s and t.
9
Let d = -4 + 18. Suppose 0 = 2*j - d + 2. Calculate the greatest common factor of j and 6.
6
Suppose -z = z. Suppose z - 1 = d. Let i be (1/d)/(-3 - -2). What is the greatest common factor of 3 and i?
1
Suppose -22 = -5*w - 3*x, 0 = x + 3 - 2. Suppose -4*n + w*g + 78 = 0, -23 = 3*n - 4*n + 3*g. What is the highest common divisor of n and 153?
17
Suppose -5*r + 812 = -0*r + 2*b, 4*b + 482 = 3*r. What is the highest common factor of r and 18?
18
Let r = -354 + 438. What is the highest common divisor of 1092 and r?
84
Let c be (-1)/(1/(-5*3)). Let k = 20 - c. Calculate the highest common divisor of k and 15.
5
Suppose 3*w - 1 - 8 = 0. Suppose m = -w*m. Suppose -2*g - 3*b + 191 = m, -2*b = -3 - 3. What is the highest common divisor of g and 13?
13
Let t(r) = r**3 - 10*r**2 + 25*r - 13. Let h be t(7). Let w = -22 - -16. Let u(n) = -2*n - 7. Let l be u(w). Calculate the greatest common divisor of h and l.
5
Suppose -12 - 20 = -3*i - x, -5*x - 16 = -i. What is the greatest common divisor of i and 297?
11
Suppose 5*y = -0*y - 4*q - 70, 2*y + 4*q = -40. Let i be (-15)/y*16/12. What is the highest common divisor of i and 1?
1
Let f be (-1914)/(-24) + (-1)/(-4). Suppose f = 5*i + 5*b, 5*i = -4*b - 27 + 107. Let l = i + -3. Calculate the highest common factor of l and 65.
13
Let c = 0 + 18. Suppose -14 = d - c. Calculate the highest common divisor of 4 and d.
4
Suppose -5 = 2*s + 3*s. Let i be s/2 + 189/6. Suppose 5*w - 44 = i. What is the greatest common factor of 30 and w?
15
Suppose 0 = -r - 2*r + 6. Suppose 22 + r = 3*m. Suppose 0 = -2*o - 0*o + 144. What is the highest common divisor of m and o?
8
Let o be 30276/145 - (0 - (-4)/5). Calculate the greatest common divisor of 32 and o.
16
Let t(r) = -2*r + 6. Let b be t(-7). Suppose -4*d - 5*w = -d + 333, 5*w = d + 131. Let f be 22/(d/40 - -3). What is the greatest common factor of b and f?
20
Let u = 33 - 29. Suppose -21 - 63 = -u*m. Calculate the greatest common factor of m and 14.
7
Let q be 0 - 2 - (-1 + -5). Suppose -16 = -4*s + q. Suppose 0 = -l + 2*l - 45. Calculate the highest common factor of l and s.
5
Let g be ((-18)/(-75))/((-3)/30)*-5. Calculate the greates